
-10
What is the value of 938 + -897 - (-1 - -25)?
17
21 - -2 - (196 + -166)
-7
2 + 26 + 1 + 3 + -14
18
8 - (5 - (1 + 24 - (-82 - -91)))
19
Calculate 76 - (22 + 3) - 20.
31
What is 1 + -3 + 13 - (56 - 18)?
-27
What is the value of 17 + (-1 - (6 - (7 + -3)))?
14
4 + (-9 - ((-25 - -9) + 3))
8
What is the value of -4 - -2 - 5 - (-2564 - -2548)?
9
Calculate 4 + 22 + -12 + -5.
9
What is the value of (11 - 23) + (-20 - (21 + -20))?
-33
-12 + (-1 - -1) + 2 + 20
10
What is -14 + 10 + -16 + 0?
-20
What is the value of 12 + -22 + (8 - 2) + 0 + -16?
-20
Calculate (-6 - 1) + (30 + -5 + -52 - -10).
-24
Evaluate 10 + 19 + (-15 - 12).
2
Calculate 7 + 1 - (25 - (50 - 27)).
6
What is 3 + (-1 - 3) + -1 + (2 - 8)?
-8
Evaluate -102 + 105 + (-1 - 2) + -1.
-1
What is 18 + (-3 - -2) + 8 + 39 + -37?
27
Calculate -46 + 24 - (7 - 9).
-20
-1 + 1 + (-21 - -28)
7
Evaluate (-6 - 0) + (-125 - -115).
-16
Evaluate ((2 - 3) + 5 - 0) + -40 + 43.
7
What is -11 - (-29 - -16) - 8?
-6
(2 - (9 + -11 - -3)) + 5
6
What is the value of 6 - 2 - (-4 + 12 - 9)?
5
Calculate 18 - 19 - (3 + (-1 - -1)).
-4
Calculate (-10 - 4) + ((-1 - 4) + 3 - 4).
-20
369 - 360 - (42 - (-5 - -3))
-35
Evaluate (20 - 12) + 1 - 2.
7
Calculate 280 + -267 + -2 + -39.
-28
What is the value of -19 + 12 + 8 + -3 + -9?
-11
Calculate (65 - 21) + -29 + 17.
32
Evaluate 2 - (-4 - -1) - (-55 - (68 + -92)).
36
What is the value of -9 + (-3 + -7 + 15 - 4)?
-8
What is the value of (-54 - -66) + -1 + -4 + -14?
-7
What is 0 - (-41 + 10) - 23?
8
What is the value of -8 + -30 - (-7 + -14)?
-17
Calculate 9 + -2 + 3 + (-38 - -34).
6
Calculate 13 - 12 - (-8 + 32) - -14.
-9
Evaluate 31 + -41 + 25 - (-3 - -1 - -4).
13
What is (2 - 18) + (121 - 122)?
-17
Evaluate -18 + 7 + 11 + -8 - -25.
17
What is the value of (-9 - (-18 - -7) - -8) + -6?
4
Calculate -4 - (-8 - (-3 + 4 + -1)).
4
What is (5 - 10) + (20 - (8 - -6))?
1
77 + -100 - (-3 - (-3 + 9))
-14
Evaluate (-3 + 2 - -5 - (152 - 148)) + 12.
12
What is the value of 25 - (31 + -6) - (-1 - 3 - 0)?
4
Evaluate -17 - (-26 + 0 - -10 - -14).
-15
What is the value of -3 + 4 + (-17 - -4)?
-12
Evaluate -1 + (5 - (3 - 12)) - 43.
-30
Evaluate -17 + 22 + -32 - -34.
7
Evaluate 190 + -202 - (-30 + 4).
14
What is the value of -1 + (-1 + -4 - (-36 - -26)) + -7?
-3
Calculate 24 + (4 - 7 - -13 - 22).
12
(-10 - -12 - -5) + 5 + -3 + 0
9
What is 394 + -410 + (-1 + -3 - 1)?
-21
What is the value of 14 - (16 - ((-11 - -13) + 15))?
15
What is 3 + -17 + (7 + 7 - 10)?
-10
12 + -19 + 5 - (15 - -1 - 0)
-18
What is (-3 - -1) + -2 - (9 - -13)?
-26
(18 - ((4 - 18) + 26)) + -6
0
Calculate -9 - (-4 + -9 + 11 - 3).
-4
Evaluate 5 - (-1 - 1) - ((89 - 76) + -9).
3
Calculate (36 - (-23 - -11 - -35 - 12)) + 7.
32
Evaluate -3 + (3 - -11 - 1) + (12 - -1).
23
What is (77 - 62) + 2 + (1 + -1 - 1)?
16
What is (1 - 3) + -38 - (220 + -229)?
-31
-8 + -3 + 34 + -9
14
-6366 + 6337 + (1 + 0 - 2)
-30
Evaluate -5 + 13 - (8 + -15 + -1 + 38).
-22
Evaluate -11 + -5 + -3 + 9 - -11.
1
-3 + (0 - -3) + 12
12
Evaluate (-5 + (1 - 8) - -8) + (5 - -1).
2
What is the value of (-17 - 17) + 18 - -33?
17
What is -38 + 4 + -12 + 37 + -10?
-19
Calculate (17 - 6 - 16) + -10.
-15
Calculate -5 + (10 + -18 - -18).
5
What is the value of -1 + -1 + (253 - 251)?
0
-33 - ((-2 - -7) + 6 + -18)
-26
What is (-6 - -33 - 3) + 7 - (-9 + 17)?
23
What is the value of 7 + -4 + 6 + -6 + -9?
-6
Evaluate 5 - (-27 + 25 + -6 + 2 + 0).
11
Calculate 2 - (1 + -3 - -6) - -5.
3
Evaluate -8 - (15 + (-7 - (-6 + (-2 - -10)))).
-14
What is the value of -13 - -2 - 1 - ((13 - 21) + 9)?
-13
Calculate (3 - -21) + (148 - 183).
-11
What is -7 - ((-2 - (-2 + 29) - -8) + 4)?
10
What is the value of (-4 - 0) + 4 + (-1 - (4 + -1))?
-4
Calculate -23 - -14 - (-7 + 10 - 6).
-6
Evaluate (-12 - (-8 - 9)) + (5 - 1).
9
Calculate 3 - (8 + 11 + -12) - (-7 - 2).
5
What is -20 + 10 + -23 + 7 + 8?
-18
What is (4 - 5) + (-5 - 0) + 20?
14
Evaluate -8 - (-24 + 0 + 2 - -3).
11
Evaluate (12 - 15 - -14) + (0 - -6).
17
-30 - (-10 + (6 - 12))
-14
Calculate (-24 - -16) + (-2 - -5).
-5
What is the value of (1 - (3 - (-4 - -4))) + (0 - 0)?
-2
What is -26 + (73 - (24 + 1))?
22
-12 - (12 + 1 - 23)
-2
What is the value of -2 + (2 - 9) + (2 - -17) + -17?
-7
Evaluate 34 + 2 + (-12 - 55).
-31
(-1 - 24) + -614 + 628
-11
What is (92 - 23) + -87 + (4 - 1)?
-15
Calculate -10 - -18 - (5 + 4 + (4 - 21)).
16
What is the value of 29 + -9 + 1 - (9 - (-9 + 22))?
25
Evaluate 0 + 22 - (159 + -161).
24
(-78 - -53) + -3 + 16
-12
What is the value of -1 - -5 - (-12 + 12 - (-4 + -9))?
-9
What is 9 + -12 + (1 - 0) - -10?
8
Calculate -6 + (13 + -20 - (1 + -14 + 1)).
-1
What is the value of 4 + (10 - (22 + -10)) + -2?
0
(1 - 37) + (-100 - -128)
-8
What is 15 + 33 - (-51 - -96)?
3
What is the value of 4 + (12 + -45 - -18)?
-11
Calculate (-2 + 6 - 2) + (1 - -10) + 0.
13
Calculate 1 + 15 + -68 + 43.
-9
Evaluate -5 + (-17 - (-6 - -5) - -10).
-11
-4 + (-11 - (1 + 8 - (58 + -11)))
23
What is the value of 10 + (-9 - (-4 - 0 - -18))?
-13
What is the value of (-29 - -13) + 16 - (-1 - -10)?
-9
Evaluate (-20 - 13) + -42 + 62.
-13
Evaluate -20 + (20 - (12 - 3)) + -9.
-18
Evaluate -16 - (8 - -17) - -21.
-20
Calculate 3 + 2 + 0 + 5 + -30 + 7.
-13
What is 4 + -1 + -2 - (43 - 51)?
9
(16 - 18) + 25 + (-8 - -13)
28
What is the value of -15 - (-4 + -1 + -4 + (7 - -1))?
-14
Evaluate (28 - (-43 - -97)) + -11.
-37
Calculate -18 - (-6 - 43) - 17.
14
What is (-4 - 2 - -2) + (-82 - -75)?
-11
18 - 4 - (11 + (-1 - 4))
8
Evaluate -24 - (-19 - 9) - -10.
14
84 - 68 - (-4 - -8)
12
13 - (2 + 12 + (-1 - 7))
7
What is -22 - (-27 - -11) - 0?
-6
What is the value of (-59 - -93) + -19 - (-1 + 1)?
15
Evaluate 0 + 1 - (-10 - (3 + -4)).
10
Calculate -3 - -10 - ((8 - (-21 + 17)) + -14).
9
13 + -19 + -30 - (-19 + 6)
-23
-1 + -26 + 67 + -54
-14
What is 0 + -8 + (213 - 210)?
-5
(-13 - 5) + -17 - -14
-21
Evaluate -10 - (10 + -4 + -8) - (-2 + -2).
-4
5 - -4 - (-17 + 32) - -1
-5
Evaluate (27 - -5) + -4 + -13.
15
Evaluate 6 - -16 - (2 + (7 - (12 + -13))).
12
What is the value of 62 - 53 - (1 - 7) - 6 - 45?
-36
Evaluate (14 + (-1 - 8) + -20 - -3) + 9.
-3
Evaluate 16 + -10 + (-12 - -3) + 3.
0
What is -10 + 5 - (4 + (-7 - 6))?
4
Evaluate 33 + -27 + 8 + -38.
-24
0 + 15 + -18 - -16
13
What is 12 + -10 + -5 + (1 - 1)?
-3
1 + -1 + -19 + 237 + -234
-16
What is (-8 - -7) + (-11 - 2) + 14?
0
Evaluate -25 + -3 - (-19 + -1 - (-28 + 16)).
-20
Calculate -10 - (-15 + -1 + 174 + -165).
-3
What is -1 + 5 + (19 - 41)?
-18
Calculate 9 + 0 + -23 - -26.
12
Calculate 0 - (0 + -13) - (-14 + 23) - -4.
8
What is (28 - 14) + (3 - (-5 + 5 + -2))?
19
What is the value of 21 - (-15 - -54) - -37?
19
Evaluate -14 - ((-12 - -7) + -3 + 1 + 3).
-10
16 + (3 - 4) + 5 + (-14 - -13)
19
What is the value of 10 + (-22 - (-40 + 18))?
10
What is the value of 1 + 0 + 7 + (-22 - 1)?
-15
What is 9 - (((-5 - 2) + -3 - -24) + 3)?
-8
What is 0 + 1 - (-4 - -27 - (68 - 44))?
2
What is the value of -9 + 2 + (-10 - -7)?
-10
Calculate (-11 - (16 + (-29 - -3))) + -11.
-12
34 - (4 - (13 - 18))
25
Calculate (19 - (11 - 31)) + -30.
9
What is the value of 19 - (-3 + -6 + 18 + -6)?
16
What is the value of -18 + -1 - (21 + -52 - -24)?
-12
Evaluate 2 + 1 + -4 + 0 - (10 + -6).
-5
Evaluate -10 + 9 + (11 - 21).
-11
What is the value of 0 + 3 + -7 + 19 - 2?
13
Calculate 137 + -128 + -9 + -1 + 1.
0
Calculate (-5 - -3 - -1) + 0 + 0 + 2.
1
(-5 + (1 - -4) - 2 - -4) + -6
-4
What is the value of (-13 - 1) + (80 - 78)?
-12
-3 - (16 - (-21 + 39))
-1
Evaluate (242 - 211) + 1 + -59.
-27
What is -1 + (-25 - (1 - (0 + -4 - 5)))?
-36
What is 2 + -17 + 3 + (-8 - (-14 - 0))?
-6
Calculate -13 + 62 + (5 - 45).
9
What is 4 + -5 - (-10 - (12 + -10))?
11
What is 7 - (19 + (16 - (-1 + 31)))?
2
What is the value of (299 - 294 - (-2 + -5)) + -20?
-8
Evaluate -2 + -3 + (6 - -7).
8
-33 - (-1 + (-13 - -3) + 1)
-23
What is (-40 - -40) + (-2 - 30) - -16?
-16
Calculate -22 - -28 - (26 + -1) - -7.
-12
4 - 3 - (-6 + 7) - (-23 + 17)
6
Calculate -85 + 93 + (-7 - -22).
23
What is (-40 - (5 - 5)) + 13 - -6?
-21
Evaluate -21 + 21 - (-35 + 5).
30
What is the value of (44 - 8) + -11 + -8?
17
4 - (12 + -4) - (10 - 2)
-12
Calculate (6 - (10 - 4)) + -8 - -12.
4
Calculate (11 - -15 - 24) + -5.
-3
(5 + -9 - (20 + -11)) + 7
-6
What is the value of -9 + -10 + 3 + -5 + 8?
-13
What is 5 + (11 -